 -2*g. What is the remainder when u is divided by 15?
11
Let m(f) = f**3 + 44*f**2 + 42*f - 38. Calculate the remainder when 20 is divided by m(-43).
0
Let c be 23*(1 - (1 - (-2)/2)). Let a = c - -31. Let f = 8 + -3. Calculate the remainder when a is divided by f.
3
Suppose 29*n + 204 = 41*n. Let z(v) = -v**3 - 4*v**2 + 9*v + 9. What is the remainder when z(-6) is divided by n?
10
Let k(q) = q**2 - 2*q - 4. Let o(w) = -w**2 - 9*w - 7. Calculate the remainder when k(6) is divided by o(-3).
9
Calculate the remainder when 55 is divided by 6/(-22) + (-5985)/(-165).
19
Suppose -20*t + 546 = 6*t. What is the remainder when 22 is divided by t?
1
Let h(y) = -20*y + 13. Let p = 6 - 0. Let f be h(p). Let z = 179 + f. What is the remainder when z is divided by 25?
22
Let c(x) = x**2 - 14*x - 2. Suppose 42 = 3*l - 3*h, -2*l - 2*h + 22 = l. Calculate the remainder when c(15) is divided by 132/20 + 4/l.
6
Suppose 0 = -3*y + 63*u - 67*u + 1483, -y - 2*u + 497 = 0. Calculate the remainder when y is divided by 45.
39
Let i be (-882)/13 + 4/(-26). Let n = -42 - i. Calculate the remainder when (0 + 2/(-2))*-101 is divided by n.
23
Suppose y - 2*y = -2. Suppose -2*c - 3*c - 3*a = -36, 0 = y*a + 6. Calculate the remainder when c is divided by 5.
4
Let z(f) = -2*f + 1. Let a(r) = 9*r - 3. Let w(u) = -a(u) - 6*z(u). Calculate the remainder when 34 is divided by w(9).
10
Let i = -205 - -339. What is the remainder when i is divided by 23?
19
Let o(j) = 2*j**2 - 5*j - 34. Let q be o(-6). Let c = -32 + q. What is the remainder when 106 is divided by c?
34
Let d(q) = 47*q**3 - 7*q**2 - 2*q - 3. Let j(c) = -23*c**3 + 3*c**2 + c + 1. Let x(o) = -3*d(o) - 7*j(o). Calculate the remainder when 125 is divided by x(1).
20
Let a(y) = -122*y - 400. What is the remainder when a(-5) is divided by 18?
12
Suppose 0 = -4*l + 85 + 35. Calculate the remainder when l is divided by 10.
0
Let w be (-3)/(-6)*(5 + 1). Let n(q) = 2*q**w - 3*q + 4 + 8*q**2 - 4*q**3 + q**3 - 9. Calculate the remainder when n(5) is divided by 19.
17
Calculate the remainder when 50 is divided by 34/(-10)*(-15)/3.
16
Let z(a) = -a**2 - 9*a + 1. What is the remainder when z(-4) is divided by (-6)/(-1*1)*(-69)/(1656/(-48))?
9
Suppose -2*d + 79 = 7*z - 143, -5*z - 5*d = -155. What is the remainder when 101 is divided by z?
5
Suppose 2*o - 19 = 45. Let l = -13 + o. What is the remainder when 150 is divided by l?
17
Let q(a) = -2*a**2 - 10*a - 10. Let g be q(-5). Let h(z) = -2*z + 9. Calculate the remainder when 56 is divided by h(g).
27
Suppose -4*t + 5 = -3. Suppose 3*l - 2*l + 5*u + 4 = 0, -5*u = 3*l + t. Let p(m) = m**2 - 10*m - 10. What is the remainder when l is divided by p(11)?
0
Let h(z) = -4*z. Suppose -3*w + 1 + 5 = c, 4*w = -3*c + 13. Suppose 3*a - y = -5, -y = a - 6*y - c. Calculate the remainder when 13 is divided by h(a).
5
Let j(m) = m**3 - 5*m**2 - 8*m + 4. Let n be j(6). Let k = n - -12. Let i(u) = 3*u**3 - 10*u**2 - 17. What is the remainder when i(4) is divided by k?
3
Suppose 0 = -14*j - 2091 + 7383. What is the remainder when j is divided by 38?
36
Suppose -2*j = -10 - 4. Suppose 5*t + g = 23, -2*t - 5*g - 11 + 34 = 0. What is the remainder when j is divided by t?
3
Let m = 97 + -84. What is the remainder when 34 is divided by m?
8
What is the remainder when 3380/44 - (-6)/33 is divided by 6/33 + (-1308)/(-66)?
17
Let s(f) = -18 - 2*f**2 + 18 - f**3. Let k(o) = -7*o - 8. Calculate the remainder when k(-6) is divided by s(-3).
7
Let v(b) = -b**3 + 7*b**2 + 27*b - 2. Let k = -18 - -36. Calculate the remainder when k is divided by v(-3).
4
Suppose -3 - 8 = -x. Suppose -10 = -2*w, w - 34 = -2*c - x. Suppose 119*g + 627 = 138*g. Calculate the remainder when g is divided by c.
6
Let g = 632 + -293. Let k = g + -149. What is the remainder when k is divided by 32?
30
Let b = 2 - -1. Suppose 101*m - 96*m = 15. Suppose 24 = 3*u - x + m*x, u - 19 = 3*x. What is the remainder when u is divided by b?
1
What is the remainder when (2 - -2)*2/(4/5) is divided by 7?
3
Calculate the remainder when (-98 - -2)/((-12)/88) is divided by 142.
136
Suppose 0 = -22*k + 18*k + 32. Suppose 12*g - 28 = k*g. Let p(j) = -j**2 + 11*j - 5. Calculate the remainder when p(g) is divided by 8.
7
Suppose -5*t + 67 = -63. Calculate the remainder when t is divided by 10.
6
Let d be 2/7 - (-5)/(245/182). Suppose -d*r = -12*r + 488. What is the remainder when r is divided by 21?
19
Suppose -6*d = -3*k - 7*d + 46, 0 = k + 5*d - 20. What is the remainder when 103 is divided by k?
13
Let l(z) = -z**2 + 2. Let t be l(0). Suppose -x + 4*v = -0*v + t, x = 2*v + 6. What is the remainder when 27 is divided by x?
13
Let w(f) = -f**3 + 10*f**2 - 11*f - 40. Suppose 10*p = 5*p - 25, -5 = 5*n + 5*p. Suppose n = -5*g + 59. Calculate the remainder when w(7) is divided by g.
8
Let y = 1086 - 1008. Calculate the remainder when y is divided by 22 + (2*-2)/2.
18
Suppose 22 = -8*h + 38. Suppose 0 = -3*d - 2*t + 8, 3*d + 3*t - 13 = -2*d. What is the remainder when d is divided by h?
0
Let b(w) = -w**3 + w**2 - 3*w - 2. Let s(g) = -g**2 + 9*g - 20. Let a be s(6). What is the remainder when 110 is divided by b(a)?
14
Suppose -4*y + p = -2451, 0*p + p = -2*y + 1233. What is the remainder when y is divided by 124?
118
Let a(f) = -2*f + 31. What is the remainder when a(11) is divided by 3/5 - (-2)/5?
0
Suppose s = v + 3, -5*s - 4*v - 13 = -2*v. Calculate the remainder when 18/(-12)*s/((-4)/(-152)) is divided by 31.
26
What is the remainder when 132 is divided by (4 - (-28 - -1)) + -3?
20
Suppose 0 = -5*j + 20, -2*a - 2*j = 2*j + 14. Let z = 38 + a. Calculate the remainder when (-9)/(-2 + 18/10) is divided by z.
22
Let r(o) = o**3 - 8*o**2 - 5*o - 2. Let c(a) = -a**2 + 5*a + 6. Let t be c(6). Suppose q + 3*q - 36 = t. What is the remainder when r(q) is divided by 18?
16
Let x = -53 - -90. What is the remainder when 106 is divided by x?
32
Let x = -43 - -44. What is the remainder when 78 is divided by -5 + 1 + 24/x?
18
Let v(i) = -3 + 14*i + 1 + 3. What is the remainder when v(4) is divided by 2/(-3) + 496/24?
17
Suppose -3*z + 10 = -17. Suppose 23 = b - 21. What is the remainder when b is divided by z?
8
Let b = 1353 + -1342. Let g = 80 - 39. What is the remainder when g is divided by b?
8
Let g(b) = b**3 + 8*b**2 + 5*b + 3. Let u = 63 + 87. What is the remainder when u is divided by g(-7)?
14
Let b = 996 - 768. What is the remainder when b is divided by 81?
66
Let o(i) = i**2 + 46*i + 281. Calculate the remainder when o(-49) is divided by 108.
104
Let w = -307 + 314. What is the remainder when 13 is divided by w?
6
Let v be 178/(-1 - (2 + -2)). Let k = -107 - v. Suppose -5*w + k - 1 = 0. Calculate the remainder when 26 is divided by w.
12
Let r = 214 - 482. Calculate the remainder when r/(-22) + 3 + (-140)/44 is divided by 4.
0
Suppose -4 = x + 3*j + 2, -5*x + 18 = -j. Suppose -2*q + k + 1 = -23, -x*q = -2*k - 35. Calculate the remainder when 22 is divided by q.
9
Suppose 3*r - 4 - 65 = 0. Suppose 21*i + 78 = r*i. What is the remainder when i is divided by 15?
9
Let y(r) = r**2 - 3*r + 6. Let u be y(0). Let a(d) = -1 - 2 + 3*d - d. What is the remainder when 15 is divided by a(u)?
6
What is the remainder when (-8)/(-28) - (-32464)/56 is divided by 65?
60
Let s(g) = 79*g**2 - g - 2. Let i be s(-1). Suppose -6*k = -84 - i. What is the remainder when k is divided by 7?
6
Let t(w) = -w**3 - 4*w**2 - 4*w - 2. Let z be t(-2). Calculate the remainder when ((-1548)/(-45) - 1) + 2/(-5) is divided by 52/3 - z/(-6).
16
Suppose -5*a = -3*u - 0*u + 230, 5*u - 73 = 2*a. Let r = a + 73. What is the remainder when 94 is divided by r?
22
Let s(u) = -u**2 + 257*u - 750. Suppose -3*o - 246 = -960. Calculate the remainder when o is divided by s(3).
10
Let w(r) = 3*r**2 - 50*r - 1. Calculate the remainder when 137 is divided by w(18).
66
Suppose -3*v - 36 = 3*f, 5*v - 4*f = 20 - 53. What is the remainder when 16 is divided by (-54)/(-30)*(-15)/v?
1
Let x(p) = p**3 + 19*p**2 + 20*p + 109. What is the remainder when x(-16) is divided by 2?
1
What is the remainder when 3812 is divided by 64/(-112) + (-221)/(-7)?
30
Let l(h) be the first derivative of h**4/2 - 4*h**3/3 + h**2/2 + 4*h + 15. What is the remainder when 22 is divided by l(2)?
4
Suppose 0 = -4*f - 4*g + 88, 32 = f - g + 4